{"id":907,"date":"2018-07-21T21:39:55","date_gmt":"2018-07-21T20:39:55","guid":{"rendered":"http:\/\/u-c-o.de\/?page_id=907"},"modified":"2018-07-21T21:43:17","modified_gmt":"2018-07-21T20:43:17","slug":"rueckblick-fruehjahrstreffen-tannhausen","status":"publish","type":"page","link":"http:\/\/u-c-o.de\/?page_id=907","title":{"rendered":"Fr\u00fchjahrstreffen Tannhausen"},"content":{"rendered":"<p>Am 10. Juni fand das Fr\u00fchjahrstreffen des UCO in Tannhausen zusammen mit dem Opel-Club Tannhausen statt.<br \/>\nDem UCO wurde hierf\u00fcr ein Gel\u00e4nde neben dem Vereinsheim des Opel-Club zur verf\u00fcgung gestellt wo wir uns und unsere Fahrzeuge pr\u00e4sentieren konnten.<\/p>\n\n\t\t<style type=\"text\/css\">\n\t\t\t#gallery-1 {\n\t\t\t\tmargin: auto;\n\t\t\t}\n\t\t\t#gallery-1 .gallery-item {\n\t\t\t\tfloat: left;\n\t\t\t\tmargin-top: 10px;\n\t\t\t\ttext-align: center;\n\t\t\t\twidth: 33%;\n\t\t\t}\n\t\t\t#gallery-1 img {\n\t\t\t\tborder: 2px solid #cfcfcf;\n\t\t\t}\n\t\t\t#gallery-1 .gallery-caption {\n\t\t\t\tmargin-left: 0;\n\t\t\t}\n\t\t\t\/* see gallery_shortcode() in wp-includes\/media.php *\/\n\t\t<\/style>\n\t\t<div id='gallery-1' class='gallery galleryid-907 gallery-columns-3 gallery-size-thumbnail'><dl class='gallery-item'>\n\t\t\t<dt class='gallery-icon landscape'>\n\t\t\t\t<a href='http:\/\/u-c-o.de\/?attachment_id=913'><img width=\"150\" height=\"150\" src=\"http:\/\/u-c-o.de\/wp-content\/uploads\/2018\/07\/2018_Tannhausen1-e1532205517592-150x150.jpg\" class=\"attachment-thumbnail size-thumbnail\" alt=\"\" loading=\"lazy\" \/><\/a>\n\t\t\t<\/dt><\/dl><dl class='gallery-item'>\n\t\t\t<dt class='gallery-icon landscape'>\n\t\t\t\t<a href='http:\/\/u-c-o.de\/?attachment_id=914'><img width=\"150\" height=\"150\" src=\"http:\/\/u-c-o.de\/wp-content\/uploads\/2018\/07\/2018_Tannhausen2-e1532205526153-150x150.jpg\" class=\"attachment-thumbnail size-thumbnail\" alt=\"\" loading=\"lazy\" \/><\/a>\n\t\t\t<\/dt><\/dl><dl class='gallery-item'>\n\t\t\t<dt class='gallery-icon landscape'>\n\t\t\t\t<a href='http:\/\/u-c-o.de\/?attachment_id=908'><img width=\"150\" height=\"150\" src=\"http:\/\/u-c-o.de\/wp-content\/uploads\/2018\/07\/2018_Tannhausen3-e1532205466233-150x150.jpg\" class=\"attachment-thumbnail size-thumbnail\" alt=\"\" loading=\"lazy\" \/><\/a>\n\t\t\t<\/dt><\/dl><br style=\"clear: both\" \/><dl class='gallery-item'>\n\t\t\t<dt class='gallery-icon landscape'>\n\t\t\t\t<a href='http:\/\/u-c-o.de\/?attachment_id=909'><img width=\"150\" height=\"150\" src=\"http:\/\/u-c-o.de\/wp-content\/uploads\/2018\/07\/2018_Tannhausen4-e1532205474764-150x150.jpg\" class=\"attachment-thumbnail size-thumbnail\" alt=\"\" loading=\"lazy\" \/><\/a>\n\t\t\t<\/dt><\/dl><dl class='gallery-item'>\n\t\t\t<dt class='gallery-icon landscape'>\n\t\t\t\t<a href='http:\/\/u-c-o.de\/?attachment_id=910'><img width=\"150\" height=\"150\" src=\"http:\/\/u-c-o.de\/wp-content\/uploads\/2018\/07\/2018_Tannhausen5-e1532205484983-150x150.jpg\" class=\"attachment-thumbnail size-thumbnail\" alt=\"\" loading=\"lazy\" \/><\/a>\n\t\t\t<\/dt><\/dl><dl class='gallery-item'>\n\t\t\t<dt class='gallery-icon landscape'>\n\t\t\t\t<a href='http:\/\/u-c-o.de\/?attachment_id=911'><img width=\"150\" height=\"150\" src=\"http:\/\/u-c-o.de\/wp-content\/uploads\/2018\/07\/2018_Tannhausen6-e1532205495377-150x150.jpg\" class=\"attachment-thumbnail size-thumbnail\" alt=\"\" loading=\"lazy\" \/><\/a>\n\t\t\t<\/dt><\/dl><br style=\"clear: both\" \/><dl class='gallery-item'>\n\t\t\t<dt class='gallery-icon landscape'>\n\t\t\t\t<a href='http:\/\/u-c-o.de\/?attachment_id=912'><img width=\"150\" height=\"150\" src=\"http:\/\/u-c-o.de\/wp-content\/uploads\/2018\/07\/2018_Tannhausen7-e1532205504821-150x150.jpg\" class=\"attachment-thumbnail size-thumbnail\" alt=\"\" loading=\"lazy\" \/><\/a>\n\t\t\t<\/dt><\/dl>\n\t\t\t<br style='clear: both' \/>\n\t\t<\/div>\n\n","protected":false},"excerpt":{"rendered":"<p>Am 10. Juni fand das Fr\u00fchjahrstreffen des UCO in Tannhausen zusammen mit dem Opel-Club Tannhausen statt. Dem UCO wurde hierf\u00fcr ein Gel\u00e4nde neben dem Vereinsheim des Opel-Club zur verf\u00fcgung gestellt wo wir uns und unsere Fahrzeuge pr\u00e4sentieren konnten.<\/p>\n","protected":false},"author":1,"featured_media":0,"parent":861,"menu_order":3,"comment_status":"closed","ping_status":"closed","template":"","meta":[],"_links":{"self":[{"href":"http:\/\/u-c-o.de\/index.php?rest_route=\/wp\/v2\/pages\/907"}],"collection":[{"href":"http:\/\/u-c-o.de\/index.php?rest_route=\/wp\/v2\/pages"}],"about":[{"href":"http:\/\/u-c-o.de\/index.php?rest_route=\/wp\/v2\/types\/page"}],"author":[{"embeddable":true,"href":"http:\/\/u-c-o.de\/index.php?rest_route=\/wp\/v2\/users\/1"}],"replies":[{"embeddable":true,"href":"http:\/\/u-c-o.de\/index.php?rest_route=%2Fwp%2Fv2%2Fcomments&post=907"}],"version-history":[{"count":3,"href":"http:\/\/u-c-o.de\/index.php?rest_route=\/wp\/v2\/pages\/907\/revisions"}],"predecessor-version":[{"id":918,"href":"http:\/\/u-c-o.de\/index.php?rest_route=\/wp\/v2\/pages\/907\/revisions\/918"}],"up":[{"embeddable":true,"href":"http:\/\/u-c-o.de\/index.php?rest_route=\/wp\/v2\/pages\/861"}],"wp:attachment":[{"href":"http:\/\/u-c-o.de\/index.php?rest_route=%2Fwp%2Fv2%2Fmedia&parent=907"}],"curies":[{"name":"wp","href":"https:\/\/api.w.org\/{rel}","templated":true}]}}

Frühjahrstreffen Tannhausen

<p>Am 10. Juni fand das Frühjahrstreffen des UCO in Tannhausen zusammen mit dem Opel-Club Tannhausen statt.<br />
Dem UCO wurde hierfür ein Gelände neben dem Vereinsheim des Opel-Club zur verfügung gestellt wo wir uns und unsere Fahrzeuge präsentieren konnten.</p>

		<style type="text/css">
			#gallery-1 {
				margin: auto;
			}
			#gallery-1 .gallery-item {
				float: left;
				margin-top: 10px;
				text-align: center;
				width: 33%;
			}
			#gallery-1 img {
				border: 2px solid #cfcfcf;
			}
			#gallery-1 .gallery-caption {
				margin-left: 0;
			}
			/* see gallery_shortcode() in wp-includes/media.php */
		</style>
		<div id='gallery-1' class='gallery galleryid-907 gallery-columns-3 gallery-size-thumbnail'><dl class='gallery-item'>
			<dt class='gallery-icon landscape'>
				<a href='http://u-c-o.de/?attachment_id=913'><img width="150" height="150" src="http://u-c-o.de/wp-content/uploads/2018/07/2018_Tannhausen1-e1532205517592-150x150.jpg" class="attachment-thumbnail size-thumbnail" alt="" loading="lazy" /></a>
			</dt></dl><dl class='gallery-item'>
			<dt class='gallery-icon landscape'>
				<a href='http://u-c-o.de/?attachment_id=914'><img width="150" height="150" src="http://u-c-o.de/wp-content/uploads/2018/07/2018_Tannhausen2-e1532205526153-150x150.jpg" class="attachment-thumbnail size-thumbnail" alt="" loading="lazy" /></a>
			</dt></dl><dl class='gallery-item'>
			<dt class='gallery-icon landscape'>
				<a href='http://u-c-o.de/?attachment_id=908'><img width="150" height="150" src="http://u-c-o.de/wp-content/uploads/2018/07/2018_Tannhausen3-e1532205466233-150x150.jpg" class="attachment-thumbnail size-thumbnail" alt="" loading="lazy" /></a>
			</dt></dl><br style="clear: both" /><dl class='gallery-item'>
			<dt class='gallery-icon landscape'>
				<a href='http://u-c-o.de/?attachment_id=909'><img width="150" height="150" src="http://u-c-o.de/wp-content/uploads/2018/07/2018_Tannhausen4-e1532205474764-150x150.jpg" class="attachment-thumbnail size-thumbnail" alt="" loading="lazy" /></a>
			</dt></dl><dl class='gallery-item'>
			<dt class='gallery-icon landscape'>
				<a href='http://u-c-o.de/?attachment_id=910'><img width="150" height="150" src="http://u-c-o.de/wp-content/uploads/2018/07/2018_Tannhausen5-e1532205484983-150x150.jpg" class="attachment-thumbnail size-thumbnail" alt="" loading="lazy" /></a>
			</dt></dl><dl class='gallery-item'>
			<dt class='gallery-icon landscape'>
				<a href='http://u-c-o.de/?attachment_id=911'><img width="150" height="150" src="http://u-c-o.de/wp-content/uploads/2018/07/2018_Tannhausen6-e1532205495377-150x150.jpg" class="attachment-thumbnail size-thumbnail" alt="" loading="lazy" /></a>
			</dt></dl><br style="clear: both" /><dl class='gallery-item'>
			<dt class='gallery-icon landscape'>
				<a href='http://u-c-o.de/?attachment_id=912'><img width="150" height="150" src="http://u-c-o.de/wp-content/uploads/2018/07/2018_Tannhausen7-e1532205504821-150x150.jpg" class="attachment-thumbnail size-thumbnail" alt="" loading="lazy" /></a>
			</dt></dl>
			<br style='clear: both' />
		</div>

<p>Am 10. Juni fand das Frühjahrstreffen des UCO in Tannhausen zusammen mit dem Opel-Club Tannhausen statt. Dem UCO wurde hierfür ein Gelände neben dem Vereinsheim des Opel-Club zur verfügung gestellt wo wir uns und unsere Fahrzeuge präsentieren konnten.</p>
