{"id":562,"date":"2017-02-23T00:13:11","date_gmt":"2017-02-22T22:13:11","guid":{"rendered":"http:\/\/u-c-o.de\/?page_id=562"},"modified":"2017-02-23T00:31:35","modified_gmt":"2017-02-22T22:31:35","slug":"schraubertreffen","status":"publish","type":"page","link":"http:\/\/u-c-o.de\/?page_id=562","title":{"rendered":"Schraubertreffen"},"content":{"rendered":"<p><strong>Schraubertreffen 2016<\/strong><br \/>\nBeim diesj\u00e4hrigen Schraubertreffen haben wir uns mit dem Thema \u201eLackieren\u201c befasst. Genauer gesagt: Es ging um die richtige Untergrundvorbereitung, um die fachgerechte Anwendung der Arbeitsmittel und die Verarbeitung der notwendigen Materialien. Es fanden sich 33 interessierte Teilnehmer im Essinger Bauhof ein, um sich auf diesem Gebiet neues Wissen anzueignen. Thematisch war es eine Fortsetzung des letztj\u00e4hrigen Schraubertreffens, bei dem wir uns mit Blechbearbeitung befasst hatten. Leider war Marc Frob\u00f6se -der Referent des letzten Jahres- kurzfristig verhindert. Einen ad\u00e4quaten Ersatz haben wir mit dem Karosseriebaumeister Marcel Kelldorfner von der Firma Karosserie Kelldorfner aus Gschwend gefunden. Anhand von Bildern verschiedener Restaurationsprojekte hat Herr Kelldorfner die Abfolge aller notwendigen Arbeitsschritte dargestellt und erl\u00e4utert. Darunter war auch die Restauration des U 406 unseres Mitgliedes J\u00fcrgen Hamann. Es wurden dabei die verschiedenen Arbeitsschritte wie Sandstrahlen, KTL-Beschichten, Spachteln und Verzinnen angesprochen, sowie die unterschiedlichen Arten von Grundierungen und Lacken. An zuvor pr\u00e4parierten KFZ-Karosserieteilen und Arbeitsmaterialien konnte Herr Kelldorfner seine Ausf\u00fchrungen veranschaulichen. Mit seinem fundierten Fachwissen beantwortete er die zahlreichen Fragen der Zuh\u00f6rer. Auch nach dem Ende des Vortrags wurden noch ausgiebige Gespr\u00e4che in geselliger Runde gef\u00fchrt, die unter anderem das behandelte Thema zum Inhalt hatten.<br \/>\nAn dieser Stelle nochmals vielen Dank an Marcel Kelldorfner f\u00fcr seinen kurzfristigen Einsatz und seinen lehrreichen und informativen Vortrag. Ein weiteres Danksch\u00f6n gilt dem Bauhof in Essingen, dass wir diese Veranstaltung wieder dort abhalten konnten.<\/p>\n\n\t\t<style type=\"text\/css\">\n\t\t\t#gallery-1 {\n\t\t\t\tmargin: auto;\n\t\t\t}\n\t\t\t#gallery-1 .gallery-item {\n\t\t\t\tfloat: left;\n\t\t\t\tmargin-top: 10px;\n\t\t\t\ttext-align: center;\n\t\t\t\twidth: 33%;\n\t\t\t}\n\t\t\t#gallery-1 img {\n\t\t\t\tborder: 2px solid #cfcfcf;\n\t\t\t}\n\t\t\t#gallery-1 .gallery-caption {\n\t\t\t\tmargin-left: 0;\n\t\t\t}\n\t\t\t\/* see gallery_shortcode() in wp-includes\/media.php *\/\n\t\t<\/style>\n\t\t<div id='gallery-1' class='gallery galleryid-562 gallery-columns-3 gallery-size-thumbnail'><dl class='gallery-item'>\n\t\t\t<dt class='gallery-icon landscape'>\n\t\t\t\t<a href='http:\/\/u-c-o.de\/?attachment_id=447'><img width=\"150\" height=\"150\" src=\"http:\/\/u-c-o.de\/wp-content\/uploads\/2014\/09\/IMG_Sch01-150x150.jpg\" class=\"attachment-thumbnail size-thumbnail\" alt=\"Schraubertreffen 2016\" loading=\"lazy\" aria-describedby=\"gallery-1-447\" \/><\/a>\n\t\t\t<\/dt>\n\t\t\t\t<dd class='wp-caption-text gallery-caption' id='gallery-1-447'>\n\t\t\t\tFrisch gest\u00e4rkt geht\u2019s ans Werk\n\t\t\t\t<\/dd><\/dl><dl class='gallery-item'>\n\t\t\t<dt class='gallery-icon landscape'>\n\t\t\t\t<a href='http:\/\/u-c-o.de\/?attachment_id=448'><img width=\"150\" height=\"150\" src=\"http:\/\/u-c-o.de\/wp-content\/uploads\/2014\/09\/IMG_Sch02-150x150.jpg\" class=\"attachment-thumbnail size-thumbnail\" alt=\"Schraubertreffen 2016\" loading=\"lazy\" aria-describedby=\"gallery-1-448\" \/><\/a>\n\t\t\t<\/dt>\n\t\t\t\t<dd class='wp-caption-text gallery-caption' id='gallery-1-448'>\n\t\t\t\tInteressiert verfolgen die Zuh\u00f6rer den Vortrag von Marcel Kelldorfner\n\t\t\t\t<\/dd><\/dl><dl class='gallery-item'>\n\t\t\t<dt class='gallery-icon landscape'>\n\t\t\t\t<a href='http:\/\/u-c-o.de\/?attachment_id=449'><img width=\"150\" height=\"150\" src=\"http:\/\/u-c-o.de\/wp-content\/uploads\/2014\/09\/IMG_Sch03-150x150.jpg\" class=\"attachment-thumbnail size-thumbnail\" alt=\"Schraubertreffen 2016\" loading=\"lazy\" aria-describedby=\"gallery-1-449\" \/><\/a>\n\t\t\t<\/dt>\n\t\t\t\t<dd class='wp-caption-text gallery-caption' id='gallery-1-449'>\n\t\t\t\tVerschiedene Restaurationsprojekte wurden mit Bildern vorgestellt\n\t\t\t\t<\/dd><\/dl><br style=\"clear: both\" \/><dl class='gallery-item'>\n\t\t\t<dt class='gallery-icon landscape'>\n\t\t\t\t<a href='http:\/\/u-c-o.de\/?attachment_id=450'><img width=\"150\" height=\"150\" src=\"http:\/\/u-c-o.de\/wp-content\/uploads\/2014\/09\/IMG_Sch04-150x150.jpg\" class=\"attachment-thumbnail size-thumbnail\" alt=\"Schraubertreffen 2016\" loading=\"lazy\" aria-describedby=\"gallery-1-450\" \/><\/a>\n\t\t\t<\/dt>\n\t\t\t\t<dd class='wp-caption-text gallery-caption' id='gallery-1-450'>\n\t\t\t\tAls Dank f\u00fcr seine Bem\u00fchungen erh\u00e4lt Marcel Kelldorfner ein dekoriertes Vesperbrett von Hans \u00fcberreicht\n\t\t\t\t<\/dd><\/dl><dl class='gallery-item'>\n\t\t\t<dt class='gallery-icon landscape'>\n\t\t\t\t<a href='http:\/\/u-c-o.de\/?attachment_id=451'><img width=\"150\" height=\"150\" src=\"http:\/\/u-c-o.de\/wp-content\/uploads\/2014\/09\/IMG_Sch05-150x150.jpg\" class=\"attachment-thumbnail size-thumbnail\" alt=\"Schraubertreffen 2016\" loading=\"lazy\" aria-describedby=\"gallery-1-451\" \/><\/a>\n\t\t\t<\/dt>\n\t\t\t\t<dd class='wp-caption-text gallery-caption' id='gallery-1-451'>\n\t\t\t\tEin weiteres erh\u00e4lt Matthias Ebert stellvertretend f\u00fcr das Team des Essinger Bauhofes\n\t\t\t\t<\/dd><\/dl><dl class='gallery-item'>\n\t\t\t<dt class='gallery-icon landscape'>\n\t\t\t\t<a href='http:\/\/u-c-o.de\/?attachment_id=453'><img width=\"150\" height=\"150\" src=\"http:\/\/u-c-o.de\/wp-content\/uploads\/2014\/09\/IMG_Sch07-150x150.jpg\" class=\"attachment-thumbnail size-thumbnail\" alt=\"Schraubertreffen 2016\" loading=\"lazy\" aria-describedby=\"gallery-1-453\" \/><\/a>\n\t\t\t<\/dt>\n\t\t\t\t<dd class='wp-caption-text gallery-caption' id='gallery-1-453'>\n\t\t\t\tMarcel Kelldorfner mit Lothar Joos ins Gespr\u00e4ch vertieft \n\t\t\t\t<\/dd><\/dl><br style=\"clear: both\" \/><dl class='gallery-item'>\n\t\t\t<dt class='gallery-icon landscape'>\n\t\t\t\t<a href='http:\/\/u-c-o.de\/?attachment_id=452'><img width=\"150\" height=\"150\" src=\"http:\/\/u-c-o.de\/wp-content\/uploads\/2014\/09\/IMG_Sch06-150x150.jpg\" class=\"attachment-thumbnail size-thumbnail\" alt=\"Schraubertreffen 2016\" loading=\"lazy\" aria-describedby=\"gallery-1-452\" \/><\/a>\n\t\t\t<\/dt>\n\t\t\t\t<dd class='wp-caption-text gallery-caption' id='gallery-1-452'>\n\t\t\t\tDas Thema lieferte gen\u00fcgend Gespr\u00e4chsstoff und das Anschauungsmaterial wurde auch gr\u00fcndlich begutachtet\n\t\t\t\t<\/dd><\/dl>\n\t\t\t<br style='clear: both' \/>\n\t\t<\/div>\n\n","protected":false},"excerpt":{"rendered":"<p>Schraubertreffen 2016 Beim diesj\u00e4hrigen Schraubertreffen haben wir uns mit dem Thema \u201eLackieren\u201c befasst. Genauer gesagt: Es ging um die richtige Untergrundvorbereitung, um die fachgerechte Anwendung der Arbeitsmittel und die Verarbeitung der notwendigen Materialien. Es fanden sich 33 interessierte Teilnehmer im &hellip; <a href=\"http:\/\/u-c-o.de\/?page_id=562\">Weiterlesen <span class=\"meta-nav\">&rarr;<\/span><\/a><\/p>\n","protected":false},"author":1,"featured_media":0,"parent":566,"menu_order":7,"comment_status":"closed","ping_status":"closed","template":"","meta":[],"_links":{"self":[{"href":"http:\/\/u-c-o.de\/index.php?rest_route=\/wp\/v2\/pages\/562"}],"collection":[{"href":"http:\/\/u-c-o.de\/index.php?rest_route=\/wp\/v2\/pages"}],"about":[{"href":"http:\/\/u-c-o.de\/index.php?rest_route=\/wp\/v2\/types\/page"}],"author":[{"embeddable":true,"href":"http:\/\/u-c-o.de\/index.php?rest_route=\/wp\/v2\/users\/1"}],"replies":[{"embeddable":true,"href":"http:\/\/u-c-o.de\/index.php?rest_route=%2Fwp%2Fv2%2Fcomments&post=562"}],"version-history":[{"count":2,"href":"http:\/\/u-c-o.de\/index.php?rest_route=\/wp\/v2\/pages\/562\/revisions"}],"predecessor-version":[{"id":576,"href":"http:\/\/u-c-o.de\/index.php?rest_route=\/wp\/v2\/pages\/562\/revisions\/576"}],"up":[{"embeddable":true,"href":"http:\/\/u-c-o.de\/index.php?rest_route=\/wp\/v2\/pages\/566"}],"wp:attachment":[{"href":"http:\/\/u-c-o.de\/index.php?rest_route=%2Fwp%2Fv2%2Fmedia&parent=562"}],"curies":[{"name":"wp","href":"https:\/\/api.w.org\/{rel}","templated":true}]}}