{"id":559,"date":"2017-02-23T00:11:43","date_gmt":"2017-02-22T22:11:43","guid":{"rendered":"http:\/\/u-c-o.de\/?page_id=559"},"modified":"2017-02-23T00:31:31","modified_gmt":"2017-02-22T22:31:31","slug":"herbsttreffen","status":"publish","type":"page","link":"http:\/\/u-c-o.de\/?page_id=559","title":{"rendered":"Herbsttreffen"},"content":{"rendered":"<p><strong>Herbsttreffen\u00a0 des UCO, 3. + 4. September 2016<\/strong><br \/>\nWieder einmal war Festplatz um das Bauern- und Technikmuseum\u00a0von Familie Kiemele in Seifertshofen\u00a0mit Hunderten von Oldtimern der unterschiedlichsten Sparten gef\u00fcllt. Rund 100 Unimog waren alleine auf &#8222;unserer Unimogwiese&#8220; gemeldet. Aber auch Fans der Oldtimer-PKW\u00b4s\u00a0beispielsweise der Marken Opel und Mercedes Benz\u00a0kamen nicht zu kurz. Etliche Schlepper tuckerten \u00fcber das Festgel\u00e4nde.\u00a0Milit\u00e4rfahrzeuge unterschiedlichster Herkunft konnten ebenso\u00a0bestaunt werden.\u00a0Das attraktive Rahmenprogramm sorgte f\u00fcr beste Unterhaltung bei den Besuchern. Ob Fahrzeugvorstellungen, Panzer-Show, R\u00f6merstreitwagen und vieles mehr. Es war immer etwas los. Und wer mal etwas Abstand zum Geschehen suchte, konnte sich bei einem Helikopterrundflug mal alles von oben anschauen.<br \/>\nWir danken Familie Kiemele f\u00fcr die Einladung zum Fest und die gute Organisation. Besonders f\u00fcr Hans Kiemele war 2016 ein besonderes Veranstaltungsjahr. Seine Mutter teilte am Sonntagnachmittag den anwesenden G\u00e4sten mit gro\u00dfen Emotionen mit, dass nun auch die offizielle \u00dcbergabe von Vater Eugen an den Sohn Hans erfolgt ist. Wir w\u00fcnschen Hans\u00a0Kiemele\u00a0mit seiner Familie und seinem Team\u00a0weiterhin viel Erfolg.<br \/>\nEbenso danken wir unseren UCO\u00b4lern, welche mit ihrem Arbeitseinsatz f\u00fcr einen reibungslosen Ablauf bei uns sorgten.<br \/>\nHier ein paar Eindr\u00fccke vom Fest:<\/p>\n\n\t\t<style type=\"text\/css\">\n\t\t\t#gallery-1 {\n\t\t\t\tmargin: auto;\n\t\t\t}\n\t\t\t#gallery-1 .gallery-item {\n\t\t\t\tfloat: left;\n\t\t\t\tmargin-top: 10px;\n\t\t\t\ttext-align: center;\n\t\t\t\twidth: 33%;\n\t\t\t}\n\t\t\t#gallery-1 img {\n\t\t\t\tborder: 2px solid #cfcfcf;\n\t\t\t}\n\t\t\t#gallery-1 .gallery-caption {\n\t\t\t\tmargin-left: 0;\n\t\t\t}\n\t\t\t\/* see gallery_shortcode() in wp-includes\/media.php *\/\n\t\t<\/style>\n\t\t<div id='gallery-1' class='gallery galleryid-559 gallery-columns-3 gallery-size-thumbnail'><dl class='gallery-item'>\n\t\t\t<dt class='gallery-icon landscape'>\n\t\t\t\t<a href='http:\/\/u-c-o.de\/?attachment_id=402'><img width=\"150\" height=\"150\" src=\"http:\/\/u-c-o.de\/wp-content\/uploads\/2014\/09\/P1330256-150x150.jpg\" class=\"attachment-thumbnail size-thumbnail\" alt=\"Kiemele 2016\" loading=\"lazy\" aria-describedby=\"gallery-1-402\" \/><\/a>\n\t\t\t<\/dt>\n\t\t\t\t<dd class='wp-caption-text gallery-caption' id='gallery-1-402'>\n\t\t\t\tDer Eingang zur Unimogwiese war von Weitem zu sehen.\n\t\t\t\t<\/dd><\/dl><dl class='gallery-item'>\n\t\t\t<dt class='gallery-icon landscape'>\n\t\t\t\t<a href='http:\/\/u-c-o.de\/?attachment_id=416'><img width=\"150\" height=\"150\" src=\"http:\/\/u-c-o.de\/wp-content\/uploads\/2014\/09\/P1330585-150x150.jpg\" class=\"attachment-thumbnail size-thumbnail\" alt=\"Kiemele 2016\" loading=\"lazy\" aria-describedby=\"gallery-1-416\" \/><\/a>\n\t\t\t<\/dt>\n\t\t\t\t<dd class='wp-caption-text gallery-caption' id='gallery-1-416'>\n\t\t\t\tViele U411 waren zu bestaunen.\n\t\t\t\t<\/dd><\/dl><dl class='gallery-item'>\n\t\t\t<dt class='gallery-icon landscape'>\n\t\t\t\t<a href='http:\/\/u-c-o.de\/?attachment_id=412'><img width=\"150\" height=\"150\" src=\"http:\/\/u-c-o.de\/wp-content\/uploads\/2014\/09\/P1330515-150x150.jpg\" class=\"attachment-thumbnail size-thumbnail\" alt=\"Kiemele 2016\" loading=\"lazy\" aria-describedby=\"gallery-1-412\" \/><\/a>\n\t\t\t<\/dt>\n\t\t\t\t<dd class='wp-caption-text gallery-caption' id='gallery-1-412'>\n\t\t\t\tIn Reih und Glied geparkt.\n\t\t\t\t<\/dd><\/dl><br style=\"clear: both\" \/><dl class='gallery-item'>\n\t\t\t<dt class='gallery-icon landscape'>\n\t\t\t\t<a href='http:\/\/u-c-o.de\/?attachment_id=411'><img width=\"150\" height=\"150\" src=\"http:\/\/u-c-o.de\/wp-content\/uploads\/2014\/09\/P1330501-150x150.jpg\" class=\"attachment-thumbnail size-thumbnail\" alt=\"\" loading=\"lazy\" aria-describedby=\"gallery-1-411\" \/><\/a>\n\t\t\t<\/dt>\n\t\t\t\t<dd class='wp-caption-text gallery-caption' id='gallery-1-411'>\n\t\t\t\tDavid und Goliath?\n\t\t\t\t<\/dd><\/dl><dl class='gallery-item'>\n\t\t\t<dt class='gallery-icon landscape'>\n\t\t\t\t<a href='http:\/\/u-c-o.de\/?attachment_id=408'><img width=\"150\" height=\"150\" src=\"http:\/\/u-c-o.de\/wp-content\/uploads\/2014\/09\/P1330415-150x150.jpg\" class=\"attachment-thumbnail size-thumbnail\" alt=\"Kiemele 2016\" loading=\"lazy\" aria-describedby=\"gallery-1-408\" \/><\/a>\n\t\t\t<\/dt>\n\t\t\t\t<dd class='wp-caption-text gallery-caption' id='gallery-1-408'>\n\t\t\t\tDen ganzen Tag \u00fcber kamen Besucher angereist.\n\t\t\t\t<\/dd><\/dl><dl class='gallery-item'>\n\t\t\t<dt class='gallery-icon landscape'>\n\t\t\t\t<a href='http:\/\/u-c-o.de\/?attachment_id=409'><img width=\"150\" height=\"150\" src=\"http:\/\/u-c-o.de\/wp-content\/uploads\/2014\/09\/P1330484-150x150.jpg\" class=\"attachment-thumbnail size-thumbnail\" alt=\"Kiemele 2016\" loading=\"lazy\" aria-describedby=\"gallery-1-409\" \/><\/a>\n\t\t\t<\/dt>\n\t\t\t\t<dd class='wp-caption-text gallery-caption' id='gallery-1-409'>\n\t\t\t\tTat\u00fc\u00fc-tataa\n\t\t\t\t<\/dd><\/dl><br style=\"clear: both\" \/><dl class='gallery-item'>\n\t\t\t<dt class='gallery-icon landscape'>\n\t\t\t\t<a href='http:\/\/u-c-o.de\/?attachment_id=406'><img width=\"150\" height=\"150\" src=\"http:\/\/u-c-o.de\/wp-content\/uploads\/2014\/09\/P1330362-150x150.jpg\" class=\"attachment-thumbnail size-thumbnail\" alt=\"Kiemele 2016\" loading=\"lazy\" aria-describedby=\"gallery-1-406\" \/><\/a>\n\t\t\t<\/dt>\n\t\t\t\t<dd class='wp-caption-text gallery-caption' id='gallery-1-406'>\n\t\t\t\tAuch der UCO bot den Besuchern eine kostenlose Mitfahrgelegenheit.\n\t\t\t\t<\/dd><\/dl><dl class='gallery-item'>\n\t\t\t<dt class='gallery-icon landscape'>\n\t\t\t\t<a href='http:\/\/u-c-o.de\/?attachment_id=403'><img width=\"150\" height=\"150\" src=\"http:\/\/u-c-o.de\/wp-content\/uploads\/2014\/09\/P1330287-150x150.jpg\" class=\"attachment-thumbnail size-thumbnail\" alt=\"Kiemele 2016\" loading=\"lazy\" aria-describedby=\"gallery-1-403\" \/><\/a>\n\t\t\t<\/dt>\n\t\t\t\t<dd class='wp-caption-text gallery-caption' id='gallery-1-403'>\n\t\t\t\tSchaulaufen verschiedener Baureihen.\n\t\t\t\t<\/dd><\/dl><dl class='gallery-item'>\n\t\t\t<dt class='gallery-icon landscape'>\n\t\t\t\t<a href='http:\/\/u-c-o.de\/?attachment_id=410'><img width=\"150\" height=\"150\" src=\"http:\/\/u-c-o.de\/wp-content\/uploads\/2014\/09\/P1330491-150x150.jpg\" class=\"attachment-thumbnail size-thumbnail\" alt=\"Kiemele 2016\" loading=\"lazy\" aria-describedby=\"gallery-1-410\" \/><\/a>\n\t\t\t<\/dt>\n\t\t\t\t<dd class='wp-caption-text gallery-caption' id='gallery-1-410'>\n\t\t\t\tImmer was los beim UCO.\n\t\t\t\t<\/dd><\/dl><br style=\"clear: both\" \/><dl class='gallery-item'>\n\t\t\t<dt class='gallery-icon landscape'>\n\t\t\t\t<a href='http:\/\/u-c-o.de\/?attachment_id=413'><img width=\"150\" height=\"150\" src=\"http:\/\/u-c-o.de\/wp-content\/uploads\/2014\/09\/P1330550-150x150.jpg\" class=\"attachment-thumbnail size-thumbnail\" alt=\"Kiemele 2016\" loading=\"lazy\" aria-describedby=\"gallery-1-413\" \/><\/a>\n\t\t\t<\/dt>\n\t\t\t\t<dd class='wp-caption-text gallery-caption' id='gallery-1-413'>\n\t\t\t\tUnimog, soweit das Auge reicht&#8230;\n\t\t\t\t<\/dd><\/dl><dl class='gallery-item'>\n\t\t\t<dt class='gallery-icon landscape'>\n\t\t\t\t<a href='http:\/\/u-c-o.de\/?attachment_id=415'><img width=\"150\" height=\"150\" src=\"http:\/\/u-c-o.de\/wp-content\/uploads\/2014\/09\/P1330584-150x150.jpg\" class=\"attachment-thumbnail size-thumbnail\" alt=\"Kiemele 2016\" loading=\"lazy\" aria-describedby=\"gallery-1-415\" \/><\/a>\n\t\t\t<\/dt>\n\t\t\t\t<dd class='wp-caption-text gallery-caption' id='gallery-1-415'>\n\t\t\t\tAuch der Clubstand war gut besetzt und reger Anlaufpunkt.\n\t\t\t\t<\/dd><\/dl><dl class='gallery-item'>\n\t\t\t<dt class='gallery-icon landscape'>\n\t\t\t\t<a href='http:\/\/u-c-o.de\/?attachment_id=417'><img width=\"150\" height=\"150\" src=\"http:\/\/u-c-o.de\/wp-content\/uploads\/2014\/09\/P1330594-150x150.jpg\" class=\"attachment-thumbnail size-thumbnail\" alt=\"Kiemele 2016\" loading=\"lazy\" \/><\/a>\n\t\t\t<\/dt><\/dl><br style=\"clear: both\" \/><dl class='gallery-item'>\n\t\t\t<dt class='gallery-icon landscape'>\n\t\t\t\t<a href='http:\/\/u-c-o.de\/?attachment_id=407'><img width=\"150\" height=\"150\" src=\"http:\/\/u-c-o.de\/wp-content\/uploads\/2014\/09\/P1330403-150x150.jpg\" class=\"attachment-thumbnail size-thumbnail\" alt=\"Kiemele 2016\" loading=\"lazy\" aria-describedby=\"gallery-1-407\" \/><\/a>\n\t\t\t<\/dt>\n\t\t\t\t<dd class='wp-caption-text gallery-caption' id='gallery-1-407'>\n\t\t\t\tAbendstimmung auf der Unimogwiese&#8230;\n\t\t\t\t<\/dd><\/dl><dl class='gallery-item'>\n\t\t\t<dt class='gallery-icon landscape'>\n\t\t\t\t<a href='http:\/\/u-c-o.de\/?attachment_id=431'><img width=\"150\" height=\"150\" src=\"http:\/\/u-c-o.de\/wp-content\/uploads\/2014\/09\/IMG_8775-1024x768-150x150.jpg\" class=\"attachment-thumbnail size-thumbnail\" alt=\"Kiemele 2016\" loading=\"lazy\" aria-describedby=\"gallery-1-431\" \/><\/a>\n\t\t\t<\/dt>\n\t\t\t\t<dd class='wp-caption-text gallery-caption' id='gallery-1-431'>\n\t\t\t\tAuch der gem\u00fctliche Teil kam nicht zu kurz.\n\t\t\t\t<\/dd><\/dl><dl class='gallery-item'>\n\t\t\t<dt class='gallery-icon landscape'>\n\t\t\t\t<a href='http:\/\/u-c-o.de\/?attachment_id=418'><img width=\"150\" height=\"150\" src=\"http:\/\/u-c-o.de\/wp-content\/uploads\/2014\/09\/P1330595-150x150.jpg\" class=\"attachment-thumbnail size-thumbnail\" alt=\"Kiemele 2016\" loading=\"lazy\" aria-describedby=\"gallery-1-418\" \/><\/a>\n\t\t\t<\/dt>\n\t\t\t\t<dd class='wp-caption-text gallery-caption' id='gallery-1-418'>\n\t\t\t\tGro\u00dfe Unimogparade\n\t\t\t\t<\/dd><\/dl><br style=\"clear: both\" \/><dl class='gallery-item'>\n\t\t\t<dt class='gallery-icon landscape'>\n\t\t\t\t<a href='http:\/\/u-c-o.de\/?attachment_id=430'><img width=\"150\" height=\"150\" src=\"http:\/\/u-c-o.de\/wp-content\/uploads\/2014\/09\/IMG_8742-1024x768-150x150.jpg\" class=\"attachment-thumbnail size-thumbnail\" alt=\"Kiemele 2016\" loading=\"lazy\" aria-describedby=\"gallery-1-430\" \/><\/a>\n\t\t\t<\/dt>\n\t\t\t\t<dd class='wp-caption-text gallery-caption' id='gallery-1-430'>\n\t\t\t\tWer Lust hatte, durfte eine Runde mitfahren.\n\t\t\t\t<\/dd><\/dl><dl class='gallery-item'>\n\t\t\t<dt class='gallery-icon landscape'>\n\t\t\t\t<a href='http:\/\/u-c-o.de\/?attachment_id=404'><img width=\"150\" height=\"150\" src=\"http:\/\/u-c-o.de\/wp-content\/uploads\/2014\/09\/P1330308-150x150.jpg\" class=\"attachment-thumbnail size-thumbnail\" alt=\"\" loading=\"lazy\" aria-describedby=\"gallery-1-404\" \/><\/a>\n\t\t\t<\/dt>\n\t\t\t\t<dd class='wp-caption-text gallery-caption' id='gallery-1-404'>\n\t\t\t\tBei so wenig Holz spricht man doch nicht von Hindernis, oder?\n\t\t\t\t<\/dd><\/dl><dl class='gallery-item'>\n\t\t\t<dt class='gallery-icon landscape'>\n\t\t\t\t<a href='http:\/\/u-c-o.de\/?attachment_id=429'><img width=\"150\" height=\"150\" src=\"http:\/\/u-c-o.de\/wp-content\/uploads\/2014\/09\/IMG_8715-1024x768-150x150.jpg\" class=\"attachment-thumbnail size-thumbnail\" alt=\"Kiemele 2016\" loading=\"lazy\" aria-describedby=\"gallery-1-429\" \/><\/a>\n\t\t\t<\/dt>\n\t\t\t\t<dd class='wp-caption-text gallery-caption' id='gallery-1-429'>\n\t\t\t\tBei so wenig Holz spricht man doch nicht von Hindernis, oder?\n\t\t\t\t<\/dd><\/dl><br style=\"clear: both\" \/><dl class='gallery-item'>\n\t\t\t<dt class='gallery-icon landscape'>\n\t\t\t\t<a href='http:\/\/u-c-o.de\/?attachment_id=405'><img width=\"150\" height=\"150\" src=\"http:\/\/u-c-o.de\/wp-content\/uploads\/2014\/09\/P1330311-150x150.jpg\" class=\"attachment-thumbnail size-thumbnail\" alt=\"Kiemele 2016\" loading=\"lazy\" aria-describedby=\"gallery-1-405\" \/><\/a>\n\t\t\t<\/dt>\n\t\t\t\t<dd class='wp-caption-text gallery-caption' id='gallery-1-405'>\n\t\t\t\tBei so wenig Holz spricht man doch nicht von Hindernis, oder?\n\t\t\t\t<\/dd><\/dl><dl class='gallery-item'>\n\t\t\t<dt class='gallery-icon landscape'>\n\t\t\t\t<a href='http:\/\/u-c-o.de\/?attachment_id=434'><img width=\"150\" height=\"150\" src=\"http:\/\/u-c-o.de\/wp-content\/uploads\/2014\/09\/IMG_8810-1024x768-150x150.jpg\" class=\"attachment-thumbnail size-thumbnail\" alt=\"Kiemele 2016\" loading=\"lazy\" aria-describedby=\"gallery-1-434\" \/><\/a>\n\t\t\t<\/dt>\n\t\t\t\t<dd class='wp-caption-text gallery-caption' id='gallery-1-434'>\n\t\t\t\tSchw\u00e4bisch f\u00fcr Anf\u00e4nger:\na Hendernissle \n\t\t\t\t<\/dd><\/dl><dl class='gallery-item'>\n\t\t\t<dt class='gallery-icon landscape'>\n\t\t\t\t<a href='http:\/\/u-c-o.de\/?attachment_id=428'><img width=\"150\" height=\"150\" src=\"http:\/\/u-c-o.de\/wp-content\/uploads\/2014\/09\/IMG_8710-1024x768-150x150.jpg\" class=\"attachment-thumbnail size-thumbnail\" alt=\"Kiemele 2016\" loading=\"lazy\" \/><\/a>\n\t\t\t<\/dt><\/dl><br style=\"clear: both\" \/><dl class='gallery-item'>\n\t\t\t<dt class='gallery-icon landscape'>\n\t\t\t\t<a href='http:\/\/u-c-o.de\/?attachment_id=419'><img width=\"150\" height=\"150\" src=\"http:\/\/u-c-o.de\/wp-content\/uploads\/2014\/09\/P1330599-150x150.jpg\" class=\"attachment-thumbnail size-thumbnail\" alt=\"Kiemele 2016\" loading=\"lazy\" \/><\/a>\n\t\t\t<\/dt><\/dl><dl class='gallery-item'>\n\t\t\t<dt class='gallery-icon landscape'>\n\t\t\t\t<a href='http:\/\/u-c-o.de\/?attachment_id=427'><img width=\"150\" height=\"150\" src=\"http:\/\/u-c-o.de\/wp-content\/uploads\/2014\/09\/IMG_8700-1024x768-150x150.jpg\" class=\"attachment-thumbnail size-thumbnail\" alt=\"Kiemele 2016\" loading=\"lazy\" \/><\/a>\n\t\t\t<\/dt><\/dl><dl class='gallery-item'>\n\t\t\t<dt class='gallery-icon landscape'>\n\t\t\t\t<a href='http:\/\/u-c-o.de\/?attachment_id=426'><img width=\"150\" height=\"150\" src=\"http:\/\/u-c-o.de\/wp-content\/uploads\/2014\/09\/IMG_8694-1024x768-150x150.jpg\" class=\"attachment-thumbnail size-thumbnail\" alt=\"\" loading=\"lazy\" \/><\/a>\n\t\t\t<\/dt><\/dl><br style=\"clear: both\" \/><dl class='gallery-item'>\n\t\t\t<dt class='gallery-icon landscape'>\n\t\t\t\t<a href='http:\/\/u-c-o.de\/?attachment_id=421'><img width=\"150\" height=\"150\" src=\"http:\/\/u-c-o.de\/wp-content\/uploads\/2014\/09\/P1330612-150x150.jpg\" class=\"attachment-thumbnail size-thumbnail\" alt=\"Kiemele 2016\" loading=\"lazy\" aria-describedby=\"gallery-1-421\" \/><\/a>\n\t\t\t<\/dt>\n\t\t\t\t<dd class='wp-caption-text gallery-caption' id='gallery-1-421'>\n\t\t\t\tGro\u00dfe Unimogparade\n\t\t\t\t<\/dd><\/dl><dl class='gallery-item'>\n\t\t\t<dt class='gallery-icon landscape'>\n\t\t\t\t<a href='http:\/\/u-c-o.de\/?attachment_id=420'><img width=\"150\" height=\"150\" src=\"http:\/\/u-c-o.de\/wp-content\/uploads\/2014\/09\/P1330607-150x150.jpg\" class=\"attachment-thumbnail size-thumbnail\" alt=\"Kiemele 2016\" loading=\"lazy\" aria-describedby=\"gallery-1-420\" \/><\/a>\n\t\t\t<\/dt>\n\t\t\t\t<dd class='wp-caption-text gallery-caption' id='gallery-1-420'>\n\t\t\t\tGro\u00dfe Unimogparade\n\t\t\t\t<\/dd><\/dl><dl class='gallery-item'>\n\t\t\t<dt class='gallery-icon landscape'>\n\t\t\t\t<a href='http:\/\/u-c-o.de\/?attachment_id=432'><img width=\"150\" height=\"150\" src=\"http:\/\/u-c-o.de\/wp-content\/uploads\/2014\/09\/IMG_8779-1024x768-150x150.jpg\" class=\"attachment-thumbnail size-thumbnail\" alt=\"Kiemele 2016\" loading=\"lazy\" \/><\/a>\n\t\t\t<\/dt><\/dl><br style=\"clear: both\" \/><dl class='gallery-item'>\n\t\t\t<dt class='gallery-icon landscape'>\n\t\t\t\t<a href='http:\/\/u-c-o.de\/?attachment_id=433'><img width=\"150\" height=\"150\" src=\"http:\/\/u-c-o.de\/wp-content\/uploads\/2014\/09\/IMG_8784-1024x768-150x150.jpg\" class=\"attachment-thumbnail size-thumbnail\" alt=\"Kiemele 2016\" loading=\"lazy\" aria-describedby=\"gallery-1-433\" \/><\/a>\n\t\t\t<\/dt>\n\t\t\t\t<dd class='wp-caption-text gallery-caption' id='gallery-1-433'>\n\t\t\t\tClubshop war stets gut besuchte Anlaufstelle.\n\t\t\t\t<\/dd><\/dl><dl class='gallery-item'>\n\t\t\t<dt class='gallery-icon landscape'>\n\t\t\t\t<a href='http:\/\/u-c-o.de\/?attachment_id=435'><img width=\"150\" height=\"150\" src=\"http:\/\/u-c-o.de\/wp-content\/uploads\/2014\/09\/IMG_8834-1024x768-150x150.jpg\" class=\"attachment-thumbnail size-thumbnail\" alt=\"Kiemele 2016\" loading=\"lazy\" \/><\/a>\n\t\t\t<\/dt><\/dl><dl class='gallery-item'>\n\t\t\t<dt class='gallery-icon landscape'>\n\t\t\t\t<a href='http:\/\/u-c-o.de\/?attachment_id=436'><img width=\"150\" height=\"150\" src=\"http:\/\/u-c-o.de\/wp-content\/uploads\/2014\/09\/IMG_8837-1024x768-150x150.jpg\" class=\"attachment-thumbnail size-thumbnail\" alt=\"Kiemele 2016\" loading=\"lazy\" \/><\/a>\n\t\t\t<\/dt><\/dl><br style=\"clear: both\" \/><dl class='gallery-item'>\n\t\t\t<dt class='gallery-icon landscape'>\n\t\t\t\t<a href='http:\/\/u-c-o.de\/?attachment_id=437'><img width=\"150\" height=\"150\" src=\"http:\/\/u-c-o.de\/wp-content\/uploads\/2014\/09\/IMG_8852-1024x768-150x150.jpg\" class=\"attachment-thumbnail size-thumbnail\" alt=\"Kiemele 2016\" loading=\"lazy\" \/><\/a>\n\t\t\t<\/dt><\/dl><dl class='gallery-item'>\n\t\t\t<dt class='gallery-icon landscape'>\n\t\t\t\t<a href='http:\/\/u-c-o.de\/?attachment_id=438'><img width=\"150\" height=\"150\" src=\"http:\/\/u-c-o.de\/wp-content\/uploads\/2014\/09\/IMG_8853-1024x768-150x150.jpg\" class=\"attachment-thumbnail size-thumbnail\" alt=\"Kiemele 2016\" loading=\"lazy\" \/><\/a>\n\t\t\t<\/dt><\/dl><dl class='gallery-item'>\n\t\t\t<dt class='gallery-icon landscape'>\n\t\t\t\t<a href='http:\/\/u-c-o.de\/?attachment_id=439'><img width=\"150\" height=\"150\" src=\"http:\/\/u-c-o.de\/wp-content\/uploads\/2014\/09\/IMG_8861-1024x768-150x150.jpg\" class=\"attachment-thumbnail size-thumbnail\" alt=\"Kiemele 2016\" loading=\"lazy\" \/><\/a>\n\t\t\t<\/dt><\/dl><br style=\"clear: both\" \/><dl class='gallery-item'>\n\t\t\t<dt class='gallery-icon landscape'>\n\t\t\t\t<a href='http:\/\/u-c-o.de\/?attachment_id=440'><img width=\"150\" height=\"150\" src=\"http:\/\/u-c-o.de\/wp-content\/uploads\/2014\/09\/IMG_8866-1024x768-150x150.jpg\" class=\"attachment-thumbnail size-thumbnail\" alt=\"Kiemele 2016\" loading=\"lazy\" \/><\/a>\n\t\t\t<\/dt><\/dl><dl class='gallery-item'>\n\t\t\t<dt class='gallery-icon landscape'>\n\t\t\t\t<a href='http:\/\/u-c-o.de\/?attachment_id=422'><img width=\"150\" height=\"150\" src=\"http:\/\/u-c-o.de\/wp-content\/uploads\/2014\/09\/P1330624-150x150.jpg\" class=\"attachment-thumbnail size-thumbnail\" alt=\"Kiemele 2016\" loading=\"lazy\" aria-describedby=\"gallery-1-422\" \/><\/a>\n\t\t\t<\/dt>\n\t\t\t\t<dd class='wp-caption-text gallery-caption' id='gallery-1-422'>\n\t\t\t\tSuper war\u00b4s!\n\t\t\t\t<\/dd><\/dl>\n\t\t\t<br style='clear: both' \/>\n\t\t<\/div>\n\n","protected":false},"excerpt":{"rendered":"<p>Herbsttreffen\u00a0 des UCO, 3. + 4. September 2016 Wieder einmal war Festplatz um das Bauern- und Technikmuseum\u00a0von Familie Kiemele in Seifertshofen\u00a0mit Hunderten von Oldtimern der unterschiedlichsten Sparten gef\u00fcllt. Rund 100 Unimog waren alleine auf &#8222;unserer Unimogwiese&#8220; gemeldet. Aber auch Fans &hellip; <a href=\"http:\/\/u-c-o.de\/?page_id=559\">Weiterlesen <span class=\"meta-nav\">&rarr;<\/span><\/a><\/p>\n","protected":false},"author":1,"featured_media":0,"parent":566,"menu_order":6,"comment_status":"closed","ping_status":"closed","template":"","meta":[],"_links":{"self":[{"href":"http:\/\/u-c-o.de\/index.php?rest_route=\/wp\/v2\/pages\/559"}],"collection":[{"href":"http:\/\/u-c-o.de\/index.php?rest_route=\/wp\/v2\/pages"}],"about":[{"href":"http:\/\/u-c-o.de\/index.php?rest_route=\/wp\/v2\/types\/page"}],"author":[{"embeddable":true,"href":"http:\/\/u-c-o.de\/index.php?rest_route=\/wp\/v2\/users\/1"}],"replies":[{"embeddable":true,"href":"http:\/\/u-c-o.de\/index.php?rest_route=%2Fwp%2Fv2%2Fcomments&post=559"}],"version-history":[{"count":3,"href":"http:\/\/u-c-o.de\/index.php?rest_route=\/wp\/v2\/pages\/559\/revisions"}],"predecessor-version":[{"id":575,"href":"http:\/\/u-c-o.de\/index.php?rest_route=\/wp\/v2\/pages\/559\/revisions\/575"}],"up":[{"embeddable":true,"href":"http:\/\/u-c-o.de\/index.php?rest_route=\/wp\/v2\/pages\/566"}],"wp:attachment":[{"href":"http:\/\/u-c-o.de\/index.php?rest_route=%2Fwp%2Fv2%2Fmedia&parent=559"}],"curies":[{"name":"wp","href":"https:\/\/api.w.org\/{rel}","templated":true}]}}