{"id":4,"date":"2014-09-10T12:56:47","date_gmt":"2014-09-10T10:56:47","guid":{"rendered":"http:\/\/uco.club\/?page_id=4"},"modified":"2016-06-27T08:53:18","modified_gmt":"2016-06-27T06:53:18","slug":"wir-ueber-uns","status":"publish","type":"page","link":"http:\/\/u-c-o.de\/?page_id=4","title":{"rendered":"Wir \u00fcber uns"},"content":{"rendered":"<p style=\"text-align: center;\"><strong>Die Geschichte des Unimog-Club Ostalb e.V. in kurzen Worten\u2026<\/strong><\/p>\n<p style=\"text-align: center;\"><em>Die Gr\u00fcndung 1991:<\/em><br \/>\nDer Unimog-Club Ostalb e.V. (kurz UCO) ist ein eingetragener Verein, welcher gemeinn\u00fctzig anerkannt ist.<br \/>\nDie Urspr\u00fcnge reichen ins Jahr 1991 zur\u00fcck, als sich in Oberkochen einige Unimogbegeisterte zusammen gefunden haben, die beschlossen zuk\u00fcnftig ihrer Leidenschaft gemeinsam nachzugehen und somit unter dem Namen Unimog-Club-Oberkochen unseren Verein ins Leben riefen. Aus den anf\u00e4nglich sechs Gr\u00fcndungsmitgliedern ist im Laufe der Jahre die Mitgliederzahl auf \u00fcber 170 angewachsen.<\/p>\n<p style=\"text-align: center;\"><em>Wer f\u00fchlt sich bei uns wohl?:<\/em><br \/>\nIm UCO sind Mitglieder mit sehr vielf\u00e4ltigen Interessengebieten vertreten, so gibt es Unimog-Veteranenliebhaber, Globetrotter, Truck Trialer, Unimog-Modell-und Literatursammler und nat\u00fcrlich diejenigen, die den Unimog in der Land- und Forstwirtschaft bzw. im Gewerbe einsetzen oder auf irgendeine andere Art und Weise mit dem Unimog verbunden sind. Die Liebe zum Unimog ist das, was uns verbindet, ganz egal, ob man einen Unimog sein Eigen nennt oder auch nicht.<\/p>\n<p style=\"text-align: center;\"><em>Aktivit\u00e4ten im Verein:<\/em><br \/>\nDie Aktivit\u00e4ten des UCO erfreuen sich gro\u00dfer Beliebtheit. Die H\u00f6hepunkte bilden unsere Unimog-Treffen, bei denen Ausfahrten mit Besichtigungen, Vorf\u00fchrungen und\/oder Gel\u00e4ndefahrten zum Programm geh\u00f6ren. Angeboten werden dabei auch Ersatzteile und Zubeh\u00f6r, Wettbewerbe, Filmvorf\u00fchrungen, Aktionen f\u00fcr Kinder und auch die Geselligkeit kommt dabei nicht zu kurz. Die Termine zu unseren Treffen und sonstigen Veranstaltungen machen wir u.a. nat\u00fcrlich auch auf unserer Homepage bekannt.<br \/>\nMitglieder bekommen alle Termine selbstverst\u00e4ndlich per Rundschreiben!<br \/>\nDie Schraubertreffen bieten jedem Interessierten die M\u00f6glichkeit sich \u00fcber den jeweils angebotenen Themenschwerpunkt eingehend zu informieren.\u00a0Dies geschieht anhand eines theoretischen Teils, bei dem die anschlie\u00dfend am Demonstrationsobjekten durchgef\u00fchrten Schritte aufgezeigt und erkl\u00e4rt werden. Die Themenauswahl hierzu findet gemeinsam mit den\u00a0Mitgliedern an der Jahreshauptversammlung statt.<br \/>\nWerksbesichtigungen und Filmabende vermitteln Wissenswertes \u00fcber die Produktion und Einsatzm\u00f6glichkeiten des Unimog und dessen vielf\u00e4ltige Anbauger\u00e4te. Besichtigungen, Schifffahrten und \u00e4hnliches stehen beim Jahresausflug auf dem Programm, der ebenso wie die zum Jahresabschluss stattfindende Weihnachtsfeier besonders f\u00fcr die ganze Familie gedacht ist. Gro\u00dfe Beliebtheit findet unsere Grillausfahrt, diese ersetzt den Jahresausflug und bieten neben einer geplanten Ausfahrtsstrecke noch gen\u00fcgend Zeit, um beim gem\u00fctlichen Grillen mit der ganzen Familie samt Unimog einen sch\u00f6nen Nachmittag zu erleben.<\/p>\n<p style=\"text-align: center;\"><em>Das Unimog-Regional-Heft:<\/em><br \/>\nLange Zeit bekamen unsere Mitglieder zweimal j\u00e4hrlich unser \u201cUnimog Regional\u201d-Heft per Post zugeschickt. Dies war eine\u00a0clubinterne Zeitung, welche zum Gro\u00dfteil durch die Vorstandschaft gestaltet wurde, aber auch ab und an auf Beitr\u00e4ge von den Mitglieder zur\u00fcckgreifen konnte. Getragen wurden die Kosten der Zeitung durch diverse Anzeigen. Leider wurde es immer schwieriger Inserenten zu finden. Und somit musste leider der Verstand \u00fcber das Herz siegen und wir mussten mit einem weinenden Auge die sehr beliebte Zeitung einstellen. Aber wer wei\u00df, vielleicht gibt es ja eines Tages eine Neuauflage\u2026<\/p>\n<p style=\"text-align: center;\"><em>Die Umbenennung in Unimog-Club-Ostalb e.V.:<\/em><br \/>\nIm 19. Clubjahr (2010) wurde dann die Umbenennung von \u201cUnimog-Club Oberkochen e.V.\u201d in \u201cUnimog-Club Ostalb e.V.\u201d beschlossen und umgesetzt. Wir sind nat\u00fcrlich nach wie vor auf unsere lange Vereinsgeschichte stolz. Doch der Zusatz \u201cOberkochen\u201d passte nun schon seit einiger Zeit nicht mehr so ganz. Unsere Mitglieder kommen haupts\u00e4chlich aus dem Ostalbkreis, sehr viele bereits auch schon dar\u00fcber hinaus und so ist der neue Name schlichtweg Programm und verdeutlicht unsere \u00fcberregionale T\u00e4tigkeit rund ums Thema Unimog!<br \/>\nAuf geht\u00b4s, in eine Zukunft unter neuem Namen und Logo!<\/p>\n<p>&nbsp;<\/p>\n<p>&nbsp;<\/p>\n","protected":false},"excerpt":{"rendered":"<p>Die Geschichte des Unimog-Club Ostalb e.V. in kurzen Worten\u2026 Die Gr\u00fcndung 1991: Der Unimog-Club Ostalb e.V. (kurz UCO) ist ein eingetragener Verein, welcher gemeinn\u00fctzig anerkannt ist. Die Urspr\u00fcnge reichen ins Jahr 1991 zur\u00fcck, als sich in Oberkochen einige Unimogbegeisterte zusammen &hellip; <a href=\"http:\/\/u-c-o.de\/?page_id=4\">Weiterlesen <span class=\"meta-nav\">&rarr;<\/span><\/a><\/p>\n","protected":false},"author":1,"featured_media":0,"parent":0,"menu_order":1,"comment_status":"closed","ping_status":"closed","template":"","meta":[],"_links":{"self":[{"href":"http:\/\/u-c-o.de\/index.php?rest_route=\/wp\/v2\/pages\/4"}],"collection":[{"href":"http:\/\/u-c-o.de\/index.php?rest_route=\/wp\/v2\/pages"}],"about":[{"href":"http:\/\/u-c-o.de\/index.php?rest_route=\/wp\/v2\/types\/page"}],"author":[{"embeddable":true,"href":"http:\/\/u-c-o.de\/index.php?rest_route=\/wp\/v2\/users\/1"}],"replies":[{"embeddable":true,"href":"http:\/\/u-c-o.de\/index.php?rest_route=%2Fwp%2Fv2%2Fcomments&post=4"}],"version-history":[{"count":5,"href":"http:\/\/u-c-o.de\/index.php?rest_route=\/wp\/v2\/pages\/4\/revisions"}],"predecessor-version":[{"id":357,"href":"http:\/\/u-c-o.de\/index.php?rest_route=\/wp\/v2\/pages\/4\/revisions\/357"}],"wp:attachment":[{"href":"http:\/\/u-c-o.de\/index.php?rest_route=%2Fwp%2Fv2%2Fmedia&parent=4"}],"curies":[{"name":"wp","href":"https:\/\/api.w.org\/{rel}","templated":true}]}}

Wir über uns

<p style="text-align: center;"><strong>Die Geschichte des Unimog-Club Ostalb e.V. in kurzen Worten…</strong></p>
<p style="text-align: center;"><em>Die Gründung 1991:</em><br />
Der Unimog-Club Ostalb e.V. (kurz UCO) ist ein eingetragener Verein, welcher gemeinnützig anerkannt ist.<br />
Die Ursprünge reichen ins Jahr 1991 zurück, als sich in Oberkochen einige Unimogbegeisterte zusammen gefunden haben, die beschlossen zukünftig ihrer Leidenschaft gemeinsam nachzugehen und somit unter dem Namen Unimog-Club-Oberkochen unseren Verein ins Leben riefen. Aus den anfänglich sechs Gründungsmitgliedern ist im Laufe der Jahre die Mitgliederzahl auf über 170 angewachsen.</p>
<p style="text-align: center;"><em>Wer fühlt sich bei uns wohl?:</em><br />
Im UCO sind Mitglieder mit sehr vielfältigen Interessengebieten vertreten, so gibt es Unimog-Veteranenliebhaber, Globetrotter, Truck Trialer, Unimog-Modell-und Literatursammler und natürlich diejenigen, die den Unimog in der Land- und Forstwirtschaft bzw. im Gewerbe einsetzen oder auf irgendeine andere Art und Weise mit dem Unimog verbunden sind. Die Liebe zum Unimog ist das, was uns verbindet, ganz egal, ob man einen Unimog sein Eigen nennt oder auch nicht.</p>
<p style="text-align: center;"><em>Aktivitäten im Verein:</em><br />
Die Aktivitäten des UCO erfreuen sich großer Beliebtheit. Die Höhepunkte bilden unsere Unimog-Treffen, bei denen Ausfahrten mit Besichtigungen, Vorführungen und/oder Geländefahrten zum Programm gehören. Angeboten werden dabei auch Ersatzteile und Zubehör, Wettbewerbe, Filmvorführungen, Aktionen für Kinder und auch die Geselligkeit kommt dabei nicht zu kurz. Die Termine zu unseren Treffen und sonstigen Veranstaltungen machen wir u.a. natürlich auch auf unserer Homepage bekannt.<br />
Mitglieder bekommen alle Termine selbstverständlich per Rundschreiben!<br />
Die Schraubertreffen bieten jedem Interessierten die Möglichkeit sich über den jeweils angebotenen Themenschwerpunkt eingehend zu informieren. Dies geschieht anhand eines theoretischen Teils, bei dem die anschließend am Demonstrationsobjekten durchgeführten Schritte aufgezeigt und erklärt werden. Die Themenauswahl hierzu findet gemeinsam mit den Mitgliedern an der Jahreshauptversammlung statt.<br />
Werksbesichtigungen und Filmabende vermitteln Wissenswertes über die Produktion und Einsatzmöglichkeiten des Unimog und dessen vielfältige Anbaugeräte. Besichtigungen, Schifffahrten und ähnliches stehen beim Jahresausflug auf dem Programm, der ebenso wie die zum Jahresabschluss stattfindende Weihnachtsfeier besonders für die ganze Familie gedacht ist. Große Beliebtheit findet unsere Grillausfahrt, diese ersetzt den Jahresausflug und bieten neben einer geplanten Ausfahrtsstrecke noch genügend Zeit, um beim gemütlichen Grillen mit der ganzen Familie samt Unimog einen schönen Nachmittag zu erleben.</p>
<p style="text-align: center;"><em>Das Unimog-Regional-Heft:</em><br />
Lange Zeit bekamen unsere Mitglieder zweimal jährlich unser “Unimog Regional”-Heft per Post zugeschickt. Dies war eine clubinterne Zeitung, welche zum Großteil durch die Vorstandschaft gestaltet wurde, aber auch ab und an auf Beiträge von den Mitglieder zurückgreifen konnte. Getragen wurden die Kosten der Zeitung durch diverse Anzeigen. Leider wurde es immer schwieriger Inserenten zu finden. Und somit musste leider der Verstand über das Herz siegen und wir mussten mit einem weinenden Auge die sehr beliebte Zeitung einstellen. Aber wer weiß, vielleicht gibt es ja eines Tages eine Neuauflage…</p>
<p style="text-align: center;"><em>Die Umbenennung in Unimog-Club-Ostalb e.V.:</em><br />
Im 19. Clubjahr (2010) wurde dann die Umbenennung von “Unimog-Club Oberkochen e.V.” in “Unimog-Club Ostalb e.V.” beschlossen und umgesetzt. Wir sind natürlich nach wie vor auf unsere lange Vereinsgeschichte stolz. Doch der Zusatz “Oberkochen” passte nun schon seit einiger Zeit nicht mehr so ganz. Unsere Mitglieder kommen hauptsächlich aus dem Ostalbkreis, sehr viele bereits auch schon darüber hinaus und so ist der neue Name schlichtweg Programm und verdeutlicht unsere überregionale Tätigkeit rund ums Thema Unimog!<br />
Auf geht´s, in eine Zukunft unter neuem Namen und Logo!</p>
<p>&nbsp;</p>
<p>&nbsp;</p>

<p>Die Geschichte des Unimog-Club Ostalb e.V. in kurzen Worten… Die Gründung 1991: Der Unimog-Club Ostalb e.V. (kurz UCO) ist ein eingetragener Verein, welcher gemeinnützig anerkannt ist. Die Ursprünge reichen ins Jahr 1991 zurück, als sich in Oberkochen einige Unimogbegeisterte zusammen &hellip; <a href="http://u-c-o.de/?page_id=4">Weiterlesen <span class="meta-nav">&rarr;</span></a></p>
