{"id":2015,"date":"2025-08-02T16:23:01","date_gmt":"2025-08-02T15:23:01","guid":{"rendered":"http:\/\/u-c-o.de\/?page_id=2015"},"modified":"2025-08-02T17:38:37","modified_gmt":"2025-08-02T16:38:37","slug":"oldtimer-und-schleppertreffen-honkling-2024","status":"publish","type":"page","link":"http:\/\/u-c-o.de\/?page_id=2015","title":{"rendered":"Oldtimer- und Schleppertreffen Honkling 2024"},"content":{"rendered":"\n<p>Auch in diesem Jahr organisierte der UCO das Oldtimertreffen in Honkling beim Sommerfest der Dorfgemeinschaft. Dieses ist \u00fcber die Jahre zu einem tollen Fest gewachsen. Mit riesigem Festzelt wird bereits ab Freitagabend ein Programm geboten. Verschiedene Bands, ein Kinderprogramm, ein Fu\u00dfballturnier und das Oldtimertreffen: hier ist f\u00fcr jeden was dabei!<br>Besonderen Charme verleiht das Oldtimertreffen dem Sommerfest. Hier sind alle Arten von Oldtimern anzutreffen: Motorr\u00e4der, Autos, Traktoren, LKW und nat\u00fcrlich Unimog. Jeder ist willkommen und kann auf der Oldtimerwiese neben dem Festzelt f\u00fcr seinen Oldtimer einen Parkplatz finden.<br><\/p>\n\n\n\n<figure class=\"wp-block-image size-large\"><img loading=\"lazy\" width=\"1024\" height=\"768\" src=\"http:\/\/u-c-o.de\/wp-content\/uploads\/2025\/08\/IMG-20250802-WA0128-1024x768.jpg\" alt=\"\" class=\"wp-image-2048\" srcset=\"http:\/\/u-c-o.de\/wp-content\/uploads\/2025\/08\/IMG-20250802-WA0128-1024x768.jpg 1024w, http:\/\/u-c-o.de\/wp-content\/uploads\/2025\/08\/IMG-20250802-WA0128-300x225.jpg 300w, http:\/\/u-c-o.de\/wp-content\/uploads\/2025\/08\/IMG-20250802-WA0128-768x576.jpg 768w, http:\/\/u-c-o.de\/wp-content\/uploads\/2025\/08\/IMG-20250802-WA0128-1536x1152.jpg 1536w, http:\/\/u-c-o.de\/wp-content\/uploads\/2025\/08\/IMG-20250802-WA0128-2048x1536.jpg 2048w, http:\/\/u-c-o.de\/wp-content\/uploads\/2025\/08\/IMG-20250802-WA0128-400x300.jpg 400w\" sizes=\"(max-width: 1024px) 100vw, 1024px\" \/><\/figure>\n\n\n\n<figure class=\"wp-block-image size-large\"><img loading=\"lazy\" width=\"1024\" height=\"768\" src=\"http:\/\/u-c-o.de\/wp-content\/uploads\/2025\/08\/IMG-20250802-WA0074-1024x768.jpg\" alt=\"\" class=\"wp-image-2046\" srcset=\"http:\/\/u-c-o.de\/wp-content\/uploads\/2025\/08\/IMG-20250802-WA0074-1024x768.jpg 1024w, http:\/\/u-c-o.de\/wp-content\/uploads\/2025\/08\/IMG-20250802-WA0074-300x225.jpg 300w, http:\/\/u-c-o.de\/wp-content\/uploads\/2025\/08\/IMG-20250802-WA0074-768x576.jpg 768w, http:\/\/u-c-o.de\/wp-content\/uploads\/2025\/08\/IMG-20250802-WA0074-1536x1152.jpg 1536w, http:\/\/u-c-o.de\/wp-content\/uploads\/2025\/08\/IMG-20250802-WA0074-2048x1536.jpg 2048w, http:\/\/u-c-o.de\/wp-content\/uploads\/2025\/08\/IMG-20250802-WA0074-400x300.jpg 400w\" sizes=\"(max-width: 1024px) 100vw, 1024px\" \/><\/figure>\n\n\n\n<figure class=\"wp-block-image size-large\"><img loading=\"lazy\" width=\"1024\" height=\"768\" src=\"http:\/\/u-c-o.de\/wp-content\/uploads\/2025\/08\/IMG-20250802-WA0072-1024x768.jpg\" alt=\"\" class=\"wp-image-2045\" srcset=\"http:\/\/u-c-o.de\/wp-content\/uploads\/2025\/08\/IMG-20250802-WA0072-1024x768.jpg 1024w, http:\/\/u-c-o.de\/wp-content\/uploads\/2025\/08\/IMG-20250802-WA0072-300x225.jpg 300w, http:\/\/u-c-o.de\/wp-content\/uploads\/2025\/08\/IMG-20250802-WA0072-768x576.jpg 768w, http:\/\/u-c-o.de\/wp-content\/uploads\/2025\/08\/IMG-20250802-WA0072-1536x1152.jpg 1536w, http:\/\/u-c-o.de\/wp-content\/uploads\/2025\/08\/IMG-20250802-WA0072-2048x1536.jpg 2048w, http:\/\/u-c-o.de\/wp-content\/uploads\/2025\/08\/IMG-20250802-WA0072-400x300.jpg 400w\" sizes=\"(max-width: 1024px) 100vw, 1024px\" \/><\/figure>\n\n\n\n<figure class=\"wp-block-image size-large\"><img loading=\"lazy\" width=\"1024\" height=\"768\" src=\"http:\/\/u-c-o.de\/wp-content\/uploads\/2025\/08\/IMG-20250802-WA0075-1024x768.jpg\" alt=\"\" class=\"wp-image-2047\" srcset=\"http:\/\/u-c-o.de\/wp-content\/uploads\/2025\/08\/IMG-20250802-WA0075-1024x768.jpg 1024w, http:\/\/u-c-o.de\/wp-content\/uploads\/2025\/08\/IMG-20250802-WA0075-300x225.jpg 300w, http:\/\/u-c-o.de\/wp-content\/uploads\/2025\/08\/IMG-20250802-WA0075-768x576.jpg 768w, http:\/\/u-c-o.de\/wp-content\/uploads\/2025\/08\/IMG-20250802-WA0075-1536x1152.jpg 1536w, http:\/\/u-c-o.de\/wp-content\/uploads\/2025\/08\/IMG-20250802-WA0075-2048x1536.jpg 2048w, http:\/\/u-c-o.de\/wp-content\/uploads\/2025\/08\/IMG-20250802-WA0075-400x300.jpg 400w\" sizes=\"(max-width: 1024px) 100vw, 1024px\" \/><\/figure>\n\n\n\n<figure class=\"wp-block-image size-large\"><img loading=\"lazy\" width=\"1024\" height=\"768\" src=\"http:\/\/u-c-o.de\/wp-content\/uploads\/2025\/08\/IMG-20250426-WA0065-1024x768.jpg\" alt=\"\" class=\"wp-image-2017\" srcset=\"http:\/\/u-c-o.de\/wp-content\/uploads\/2025\/08\/IMG-20250426-WA0065-1024x768.jpg 1024w, http:\/\/u-c-o.de\/wp-content\/uploads\/2025\/08\/IMG-20250426-WA0065-300x225.jpg 300w, http:\/\/u-c-o.de\/wp-content\/uploads\/2025\/08\/IMG-20250426-WA0065-768x576.jpg 768w, http:\/\/u-c-o.de\/wp-content\/uploads\/2025\/08\/IMG-20250426-WA0065-1536x1152.jpg 1536w, http:\/\/u-c-o.de\/wp-content\/uploads\/2025\/08\/IMG-20250426-WA0065-400x300.jpg 400w, http:\/\/u-c-o.de\/wp-content\/uploads\/2025\/08\/IMG-20250426-WA0065.jpg 1600w\" sizes=\"(max-width: 1024px) 100vw, 1024px\" \/><\/figure>\n\n\n\n<figure class=\"wp-block-image size-large\"><img loading=\"lazy\" width=\"1024\" height=\"768\" src=\"http:\/\/u-c-o.de\/wp-content\/uploads\/2025\/08\/IMG-20250802-WA0126-1024x768.jpg\" alt=\"\" class=\"wp-image-2049\" srcset=\"http:\/\/u-c-o.de\/wp-content\/uploads\/2025\/08\/IMG-20250802-WA0126-1024x768.jpg 1024w, http:\/\/u-c-o.de\/wp-content\/uploads\/2025\/08\/IMG-20250802-WA0126-300x225.jpg 300w, http:\/\/u-c-o.de\/wp-content\/uploads\/2025\/08\/IMG-20250802-WA0126-768x576.jpg 768w, http:\/\/u-c-o.de\/wp-content\/uploads\/2025\/08\/IMG-20250802-WA0126-1536x1152.jpg 1536w, http:\/\/u-c-o.de\/wp-content\/uploads\/2025\/08\/IMG-20250802-WA0126-2048x1536.jpg 2048w, http:\/\/u-c-o.de\/wp-content\/uploads\/2025\/08\/IMG-20250802-WA0126-400x300.jpg 400w\" sizes=\"(max-width: 1024px) 100vw, 1024px\" \/><\/figure>\n\n\n\n<figure class=\"wp-block-image size-large\"><img loading=\"lazy\" width=\"1024\" height=\"768\" src=\"http:\/\/u-c-o.de\/wp-content\/uploads\/2025\/08\/IMG-20250802-WA0129-1024x768.jpg\" alt=\"\" class=\"wp-image-2050\" srcset=\"http:\/\/u-c-o.de\/wp-content\/uploads\/2025\/08\/IMG-20250802-WA0129-1024x768.jpg 1024w, http:\/\/u-c-o.de\/wp-content\/uploads\/2025\/08\/IMG-20250802-WA0129-300x225.jpg 300w, http:\/\/u-c-o.de\/wp-content\/uploads\/2025\/08\/IMG-20250802-WA0129-768x576.jpg 768w, http:\/\/u-c-o.de\/wp-content\/uploads\/2025\/08\/IMG-20250802-WA0129-1536x1152.jpg 1536w, http:\/\/u-c-o.de\/wp-content\/uploads\/2025\/08\/IMG-20250802-WA0129-2048x1536.jpg 2048w, http:\/\/u-c-o.de\/wp-content\/uploads\/2025\/08\/IMG-20250802-WA0129-400x300.jpg 400w\" sizes=\"(max-width: 1024px) 100vw, 1024px\" \/><\/figure>\n\n\n\n<figure class=\"wp-block-image size-large\"><img loading=\"lazy\" width=\"1024\" height=\"768\" src=\"http:\/\/u-c-o.de\/wp-content\/uploads\/2025\/08\/IMG-20250802-WA0132-1024x768.jpg\" alt=\"\" class=\"wp-image-2051\" srcset=\"http:\/\/u-c-o.de\/wp-content\/uploads\/2025\/08\/IMG-20250802-WA0132-1024x768.jpg 1024w, http:\/\/u-c-o.de\/wp-content\/uploads\/2025\/08\/IMG-20250802-WA0132-300x225.jpg 300w, http:\/\/u-c-o.de\/wp-content\/uploads\/2025\/08\/IMG-20250802-WA0132-768x576.jpg 768w, http:\/\/u-c-o.de\/wp-content\/uploads\/2025\/08\/IMG-20250802-WA0132-1536x1152.jpg 1536w, http:\/\/u-c-o.de\/wp-content\/uploads\/2025\/08\/IMG-20250802-WA0132-2048x1536.jpg 2048w, http:\/\/u-c-o.de\/wp-content\/uploads\/2025\/08\/IMG-20250802-WA0132-400x300.jpg 400w\" sizes=\"(max-width: 1024px) 100vw, 1024px\" \/><\/figure>\n","protected":false},"excerpt":{"rendered":"<p>Auch in diesem Jahr organisierte der UCO das Oldtimertreffen in Honkling beim Sommerfest der Dorfgemeinschaft. Dieses ist \u00fcber die Jahre zu einem tollen Fest gewachsen. Mit riesigem Festzelt wird bereits ab Freitagabend ein Programm geboten. Verschiedene Bands, ein Kinderprogramm, ein &hellip; <a href=\"http:\/\/u-c-o.de\/?page_id=2015\">Weiterlesen <span class=\"meta-nav\">&rarr;<\/span><\/a><\/p>\n","protected":false},"author":1,"featured_media":0,"parent":1910,"menu_order":7,"comment_status":"closed","ping_status":"closed","template":"","meta":[],"_links":{"self":[{"href":"http:\/\/u-c-o.de\/index.php?rest_route=\/wp\/v2\/pages\/2015"}],"collection":[{"href":"http:\/\/u-c-o.de\/index.php?rest_route=\/wp\/v2\/pages"}],"about":[{"href":"http:\/\/u-c-o.de\/index.php?rest_route=\/wp\/v2\/types\/page"}],"author":[{"embeddable":true,"href":"http:\/\/u-c-o.de\/index.php?rest_route=\/wp\/v2\/users\/1"}],"replies":[{"embeddable":true,"href":"http:\/\/u-c-o.de\/index.php?rest_route=%2Fwp%2Fv2%2Fcomments&post=2015"}],"version-history":[{"count":4,"href":"http:\/\/u-c-o.de\/index.php?rest_route=\/wp\/v2\/pages\/2015\/revisions"}],"predecessor-version":[{"id":2052,"href":"http:\/\/u-c-o.de\/index.php?rest_route=\/wp\/v2\/pages\/2015\/revisions\/2052"}],"up":[{"embeddable":true,"href":"http:\/\/u-c-o.de\/index.php?rest_route=\/wp\/v2\/pages\/1910"}],"wp:attachment":[{"href":"http:\/\/u-c-o.de\/index.php?rest_route=%2Fwp%2Fv2%2Fmedia&parent=2015"}],"curies":[{"name":"wp","href":"https:\/\/api.w.org\/{rel}","templated":true}]}}