{"id":1102,"date":"2019-11-03T20:35:33","date_gmt":"2019-11-03T19:35:33","guid":{"rendered":"http:\/\/u-c-o.de\/?page_id=1102"},"modified":"2019-11-03T20:39:09","modified_gmt":"2019-11-03T19:39:09","slug":"sommerfest-honkling-2019","status":"publish","type":"page","link":"http:\/\/u-c-o.de\/?page_id=1102","title":{"rendered":"Oldtimertreffen Honkling 2019"},"content":{"rendered":"<p><span lang=\"DE\">Bereits am Donnerstagabend waren die ersten Schlepper samt Anh\u00e4nger auf der gro\u00dfen Wiese gegen\u00fcber dem Festzelt angekommen. Das hat sich von Tag zu Tag gesteigert, sodass am Sonntagnachmittag bei sch\u00f6nstem Wetter rund 170 Old-und Youngtimer zu bewundern waren. So war vom Moped bis zum Lastwagen alles vorhanden. Den gr\u00f6\u00dften Anteil hatten dabei die Schlepper aber auch die Reihen der Autos und Unimog waren gut gef\u00fcllt. Neben dem Clubanh\u00e4nger hatte Markus Junginger sein Schmuckst\u00fcck &#8211; einen top restaurierten U406 &#8211; pr\u00e4sentiert. Etwas laut wurde es, als Volker H\u00e4gele und Rainer Berroth ab und zu die Motoren ihrer Mini- Puller starteten, wobei sich jedes Mal eine Traube von Interessierten um sie scharte. <\/span><\/p>\n\n\t\t<style type=\"text\/css\">\n\t\t\t#gallery-1 {\n\t\t\t\tmargin: auto;\n\t\t\t}\n\t\t\t#gallery-1 .gallery-item {\n\t\t\t\tfloat: left;\n\t\t\t\tmargin-top: 10px;\n\t\t\t\ttext-align: center;\n\t\t\t\twidth: 50%;\n\t\t\t}\n\t\t\t#gallery-1 img {\n\t\t\t\tborder: 2px solid #cfcfcf;\n\t\t\t}\n\t\t\t#gallery-1 .gallery-caption {\n\t\t\t\tmargin-left: 0;\n\t\t\t}\n\t\t\t\/* see gallery_shortcode() in wp-includes\/media.php *\/\n\t\t<\/style>\n\t\t<div id='gallery-1' class='gallery galleryid-1102 gallery-columns-2 gallery-size-thumbnail'><dl class='gallery-item'>\n\t\t\t<dt class='gallery-icon landscape'>\n\t\t\t\t<a href='http:\/\/u-c-o.de\/?attachment_id=1103'><img width=\"150\" height=\"150\" src=\"http:\/\/u-c-o.de\/wp-content\/uploads\/2019\/11\/2019-08_Honkling-01-150x150.jpg\" class=\"attachment-thumbnail size-thumbnail\" alt=\"\" loading=\"lazy\" \/><\/a>\n\t\t\t<\/dt><\/dl><dl class='gallery-item'>\n\t\t\t<dt class='gallery-icon landscape'>\n\t\t\t\t<a href='http:\/\/u-c-o.de\/?attachment_id=1104'><img width=\"150\" height=\"150\" src=\"http:\/\/u-c-o.de\/wp-content\/uploads\/2019\/11\/2019-08_Honkling-02-150x150.jpg\" class=\"attachment-thumbnail size-thumbnail\" alt=\"\" loading=\"lazy\" \/><\/a>\n\t\t\t<\/dt><\/dl><br style=\"clear: both\" \/><dl class='gallery-item'>\n\t\t\t<dt class='gallery-icon landscape'>\n\t\t\t\t<a href='http:\/\/u-c-o.de\/?attachment_id=1105'><img width=\"150\" height=\"150\" src=\"http:\/\/u-c-o.de\/wp-content\/uploads\/2019\/11\/2019-08_Honkling-03-150x150.jpg\" class=\"attachment-thumbnail size-thumbnail\" alt=\"\" loading=\"lazy\" \/><\/a>\n\t\t\t<\/dt><\/dl><dl class='gallery-item'>\n\t\t\t<dt class='gallery-icon landscape'>\n\t\t\t\t<a href='http:\/\/u-c-o.de\/?attachment_id=1106'><img width=\"150\" height=\"150\" src=\"http:\/\/u-c-o.de\/wp-content\/uploads\/2019\/11\/2019-08_Honkling-04-150x150.jpg\" class=\"attachment-thumbnail size-thumbnail\" alt=\"\" loading=\"lazy\" \/><\/a>\n\t\t\t<\/dt><\/dl><br style=\"clear: both\" \/>\n\t\t<\/div>\n\n","protected":false},"excerpt":{"rendered":"<p>Bereits am Donnerstagabend waren die ersten Schlepper samt Anh\u00e4nger auf der gro\u00dfen Wiese gegen\u00fcber dem Festzelt angekommen. Das hat sich von Tag zu Tag gesteigert, sodass am Sonntagnachmittag bei sch\u00f6nstem Wetter rund 170 Old-und Youngtimer zu bewundern waren. So war &hellip; <a href=\"http:\/\/u-c-o.de\/?page_id=1102\">Weiterlesen <span class=\"meta-nav\">&rarr;<\/span><\/a><\/p>\n","protected":false},"author":1,"featured_media":0,"parent":1000,"menu_order":6,"comment_status":"closed","ping_status":"closed","template":"","meta":[],"_links":{"self":[{"href":"http:\/\/u-c-o.de\/index.php?rest_route=\/wp\/v2\/pages\/1102"}],"collection":[{"href":"http:\/\/u-c-o.de\/index.php?rest_route=\/wp\/v2\/pages"}],"about":[{"href":"http:\/\/u-c-o.de\/index.php?rest_route=\/wp\/v2\/types\/page"}],"author":[{"embeddable":true,"href":"http:\/\/u-c-o.de\/index.php?rest_route=\/wp\/v2\/users\/1"}],"replies":[{"embeddable":true,"href":"http:\/\/u-c-o.de\/index.php?rest_route=%2Fwp%2Fv2%2Fcomments&post=1102"}],"version-history":[{"count":2,"href":"http:\/\/u-c-o.de\/index.php?rest_route=\/wp\/v2\/pages\/1102\/revisions"}],"predecessor-version":[{"id":1111,"href":"http:\/\/u-c-o.de\/index.php?rest_route=\/wp\/v2\/pages\/1102\/revisions\/1111"}],"up":[{"embeddable":true,"href":"http:\/\/u-c-o.de\/index.php?rest_route=\/wp\/v2\/pages\/1000"}],"wp:attachment":[{"href":"http:\/\/u-c-o.de\/index.php?rest_route=%2Fwp%2Fv2%2Fmedia&parent=1102"}],"curies":[{"name":"wp","href":"https:\/\/api.w.org\/{rel}","templated":true}]}}